uppose u*n + 2*n = 25. Let r = 0 + n. What is the units digit of r?
5
Let s(n) = -n**2 - 8*n - 12. Let u be s(-6). Suppose u = 4*t - 3*t - 9. What is the units digit of t?
9
Suppose 92 + 30 = z + i, -3*i = 0. What is the tens digit of z?
2
Suppose -y = 4*i - 304, -3*i + 54 = -5*y - 174. What is the tens digit of i?
7
Let f(k) = 35*k**2 + 1. Let i be (0 - 1)/(3 + -2). Let t be f(i). Suppose 3*p = 2*c + 32, -c = 2*p + 3*p - t. What is the units digit of p?
8
Let b(i) = 30*i - 4. Suppose 5*s - 15 = -5*r, -5*s + 5*r - 1 = -6. What is the tens digit of b(s)?
5
Let p(a) = -9*a - 44. What is the units digit of p(-5)?
1
Let i(j) = j**2 - 16*j + 43. What is the hundreds digit of i(22)?
1
Let p = -70 + 21. Let g = 89 + p. What is the units digit of g?
0
Suppose 20 = -3*v - 2*v. What is the units digit of (-273)/(-9) + v/(-6)?
1
Let s = 11 - 7. Let q(x) = 7*x + 9. What is the units digit of q(s)?
7
Let a(u) = 2*u + 6. Let h = 5 - 0. What is the tens digit of a(h)?
1
Let d = -9 - -24. Suppose 0 = 3*u + 6*b - 2*b - d, 0 = 5*u + 4*b - 25. What is the units digit of u?
5
Let s = 560 + -229. What is the units digit of s?
1
Let y(g) be the first derivative of -g**3/3 + 5*g**2 - 12*g + 2. Let k(c) = -c**2 + 7*c + 2. Let u be k(6). What is the units digit of y(u)?
4
Let m = -6 - -4. Let c be 0 + (3 - m/(-1)). Let u = 10 - c. What is the units digit of u?
9
Let z be 0 - 2*(2 + -3). Suppose 0 = 3*h - 0*q + z*q - 2, 8 = -4*q. Let x = 1 + h. What is the units digit of x?
3
Let k(g) = -g + 3*g + 9*g**2 - 3*g. Suppose h - 3*z + 8 = 0, 5*z - 1 - 9 = 5*h. What is the units digit of k(h)?
8
Let x = -3 - -10. Let p(t) = t**2 - 4*t + 6. What is the units digit of p(x)?
7
What is the tens digit of 10/25 + 443*(-3)/(-15)?
8
Let b = -5 - -10. Let x = b - 3. What is the units digit of x?
2
Let r = -9 + 18. Suppose i - r = -1. Suppose z - u - i = -2*z, 4*z + 4*u - 32 = 0. What is the units digit of z?
4
Suppose -32 = -2*i - 0*i. Suppose -c + i = a, -2*a + 60 = 3*a + c. What is the tens digit of a?
1
Let z(s) = s**3 - s**2 + s - 2. Let t be z(0). Let u be t + -5*2/(-2). Suppose 2*j = 5*c - 29, -u*c + 13 = -j - 4. What is the units digit of c?
5
What is the units digit of (-12)/60 + 552/10?
5
Let k = 3 + -5. Let p = 5 + k. What is the units digit of p?
3
Let m = 52 - -2. What is the units digit of m?
4
Let g = -9 - -15. What is the units digit of (3 + (-44)/g)*-3?
3
Let u = -21 + 47. What is the tens digit of u?
2
Let y(s) = 6*s - 11. Let b = 3 + 2. What is the tens digit of y(b)?
1
Let h = 6 - 4. Let t(r) = h + 4 + 1 + r. What is the tens digit of t(5)?
1
Let a(c) = 9*c**2 - 2*c - 1. What is the tens digit of a(-2)?
3
Let m(j) = j + 6. Let l be m(-6). Let v be ((l/(-1))/(-1))/(-2). Suppose v = -0*c + 2*c - 10. What is the units digit of c?
5
Let p = -38 + 57. Suppose -p - 1 = -5*j. Suppose 35 = j*q + 7. What is the units digit of q?
7
Suppose 0 = 3*u - 2*o - 2*o + 23, -u = 2*o + 1. Suppose 34 = -3*x - 2*w, 5*x - 3*x = -5*w - 19. Let q = u - x. What is the units digit of q?
7
Let q = 7 - 7. Let u = q - -2. What is the units digit of u?
2
Suppose 3*s = 113 + 229. What is the tens digit of s?
1
Suppose 3*j + 174 = 5*j. What is the units digit of j?
7
Let o(w) = -4*w. Let c be o(9). What is the tens digit of (-1)/((3/c)/1)?
1
Let r be 0/((-2 + 0)*-1). Suppose r*x = -x - 11. Let k = x + 23. What is the units digit of k?
2
Let i = -8 - -10. Suppose -i*j + 17 = -1. What is the units digit of j?
9
Let b(p) = 2*p**2 + 6*p - 7. What is the tens digit of b(4)?
4
Suppose -5*x + 60 - 12 = -2*j, 2*x + 34 = -3*j. What is the units digit of (-5)/((-10)/6) - j?
7
Let s be (-406)/(-10) - 9/15. Suppose 17 = -d + s. What is the tens digit of d?
2
What is the tens digit of 124 + ((-6)/(-5))/((-15)/50)?
2
Let h(q) = -q**3 - 7*q**2 - 7*q + 5. What is the units digit of h(-7)?
4
Suppose 4*b + 32 = i, -i - 3*b - 1 = 2. Suppose i = 2*l + 2. What is the units digit of 6/l*(-35)/(-14)?
3
Let i(s) = s + 9. Let g = -18 - -10. What is the units digit of i(g)?
1
Suppose 5*h = 8*h - 111. What is the units digit of h?
7
Suppose -5*b + 6 = -l, 0 = -2*l - 4*b + 3 + 13. Suppose l = 3*h - 3*c + 1, -2*c = -3*h + 4. What is the units digit of h?
2
Let q(u) = -5*u + 12. What is the tens digit of q(-5)?
3
Suppose -3*m - 20 = m - 4*k, 2*m - k + 6 = 0. Let u = 4 + m. What is the units digit of u?
3
Suppose 3*q - 11 = -5*o, -o - o + 20 = -4*q. Let u = q + 7. Suppose u*l + 5*z - 2 = 0, -4*l - z + 22 = -6*z. What is the units digit of l?
3
Let s(k) = -7*k**3 + 2*k**2 + k. Let m be s(-1). Let v(q) = 2*q - 4. What is the tens digit of v(m)?
1
Let r = -69 + 161. What is the units digit of r?
2
Let l(b) = -b**2 - 18*b + 13. What is the units digit of l(-17)?
0
Let b = -58 + 97. What is the units digit of b?
9
Suppose r = 2*q - 20, -3*q + 0*q - 4*r = -52. What is the tens digit of (6 - q)/(4/(-14))?
2
Let v = -57 - -32. Let a = v - -86. What is the units digit of a/9 - 2/(-9)?
7
Let i(k) = -k**2 - 7*k. Let j be i(-6). Let h = j + -4. Let c = 1 + h. What is the units digit of c?
3
Suppose -s + 8 + 4 = 0. Let j be 6/((-3)/s*-6). Suppose 0 = -g - 4*m + 1, -4*m = -0*g - j*g + 44. What is the units digit of g?
9
Suppose -5*o + 312 = -63. What is the tens digit of o?
7
Let t = -5 + 5. Suppose u - 3 = t, -5*i + 2*u + 81 = -u. Let x = i - 7. What is the units digit of x?
1
Let h(y) = y**2 + 2*y - 40. What is the hundreds digit of h(15)?
2
Suppose -f - 10 = -z, -5*f - 21 = -2*z + 38. Let l = f - -22. What is the units digit of l?
9
What is the tens digit of 8/(-52) - (-756)/13?
5
Suppose -8 = -4*b + 2*b. Suppose 0 = b*x - 4*m + 24, 3*m - 6 - 9 = 0. What is the tens digit of (-10)/(((-2)/(-2))/x)?
1
Let d(l) = -2 + 1 - 6 + 2*l. Let x be d(6). Let f = x - 3. What is the units digit of f?
2
Let i(f) = 3*f - 16. Suppose 5*g - 3*w = 60, -3*g + 3*w + 29 = -7. What is the tens digit of i(g)?
2
Let l = -9 + 7. What is the tens digit of (-1 - -14)*(0 - l)?
2
Suppose -22 = 2*x - 0. Let u = x + 21. What is the units digit of u?
0
Let w = 24 + 1. What is the units digit of w?
5
Let r be (-138)/(-42) - (-4)/(-14). Let t = -12 + r. Let h = 5 - t. What is the units digit of h?
4
Suppose -l = -2*l + 4. Let x be (-2 - (-8 + 3))/1. Suppose 2*y = 3*r + 26, 5*r = -l*y + x*r + 20. What is the units digit of y?
7
Suppose 3*x = -q + 101, -2*q + 5*q - 318 = -4*x. What is the units digit of q?
0
Suppose 3*j - 271 = 2*y + 725, 4*j + 2*y - 1328 = 0. What is the units digit of j?
2
Suppose -4*a + 4 = -4. Suppose -4*q + 4 = -2*s, q - a*q - 6 = -4*s. Suppose b - s*b = -5. What is the units digit of b?
5
Let v(y) = y**2 + 20. What is the tens digit of v(-7)?
6
Let y = 230 + -11. What is the tens digit of y?
1
Let b = 6 + -4. Suppose 4*q = b*k + 138, 5*k = -5*q + q + 103. What is the tens digit of q?
3
Let o(n) be the first derivative of -n**3/3 + 11*n**2/2 + 8*n - 1. Suppose 4*v + 17 - 61 = 0. What is the units digit of o(v)?
8
Let g be (-23)/(-3) + 10/30. What is the tens digit of ((-42)/g)/((-2)/8)?
2
Suppose -s + h = -2*h, -4*h = 4*s + 80. Let l = s + 25. What is the units digit of l?
0
Let u(a) be the first derivative of a**4/12 - 2*a**3/3 + a**2/2 - 3*a - 4. Let r(v) be the first derivative of u(v). What is the units digit of r(5)?
6
Let w(y) = y**2 + 2. Let q be w(6). Let h = 27 + q. Suppose 2*k - h = -3*k. What is the units digit of k?
3
Suppose g = z - 25, -2*z - 3*z + 124 = -4*g. What is the tens digit of z?
2
Let g be (-1)/3 - (-1392)/18. What is the tens digit of 990/g + (-1)/(-7)?
1
Suppose 4*i - 271 + 31 = 0. Suppose 3*y + 0*y = -i. Let d = -11 - y. What is the units digit of d?
9
Suppose 3*s - 50 = -2*s. Suppose -s = -4*k + 10. What is the units digit of k?
5
Suppose -4*j + 16 = -4*w - 8, -5*w = 5*j + 10. Let u = j + -5. Let p(h) = 2*h**2 + 2*h - 4. What is the units digit of p(u)?
8
Let k(w) = 6*w - 12. Let b = 5 + 1. What is the tens digit of k(b)?
2
Let u = 11 - 14. Let l(b) = 2*b + 9. What is the units digit of l(u)?
3
Let o(c) = -5*c - 3. Let i be o(-2). Let r(a) = 3 - 6*a + 8 + 5*a. What is the units digit of r(i)?
4
Suppose 5*v = -3*c + 121, c - 39 = -6*v + 5*v. Let k = c + -21. What is the tens digit of k?
1
Suppose 0 = 4*t + 10 - 2. Let n be 4 + t - (0 + 1). Let x = 2 - n. What is the units digit of x?
1
Let i be (-4 - -2)/((-2)/8). Let o(z)